ivative of r(x). Calculate j(2).
7
Let n = 194 - 198. Let a(w) = w**3 + 3*w**2 - 9*w - 13. Calculate a(n).
7
Let p(a) = -a**3 + 4*a**2 + 5*a - 1. Suppose 3*y + h + 34 = 3*h, 5*y + 58 = 4*h. Let r be (-1 - 0)/(y/50). Give p(r).
-1
Let j(p) = p**2 - 2*p - 9. Suppose 138*i = 139*i. Give j(i).
-9
Let t(x) = -10 + 37*x - 34*x + 4 + 16. What is t(-6)?
-8
Suppose 0 = -d + 3, -t - 9 = -5*t - 3*d. Let o(r) = r**3 + 2. Give o(t).
2
Let v(d) = 2*d - 5. Let b(l) = l - 5. Let w(q) = -4*b(q) + 3*v(q). Let x(s) = s + 1. Let y(i) = w(i) - 4*x(i). Give y(6).
-11
Suppose 9 = 4*q + f, 0*q + 4*f + 27 = 5*q. Let h = q + 1. Let m(w) be the first derivative of -w**3/3 + 3*w**2/2 + 4*w - 62. What is m(h)?
0
Suppose 0 = 5*t + 4*k - 70, -2*t + k = -3*k. Suppose -f - t = -6*f. Suppose -7 + f = -p. Let o(u) = -u + 12. What is o(p)?
7
Let m(l) be the first derivative of -l**4/4 + 7*l**3/3 - 5*l**2/2 + 3*l + 153. What is m(3)?
24
Let j(n) = -20*n + 19*n - 52 + 41. What is j(-12)?
1
Suppose 14*u = 20*u - 306. Let w = -58 + u. Let k(b) = -b**3 - 7*b**2 - 3*b - 5. Calculate k(w).
16
Let f(w) = -w - 5. Let k be f(-5). Suppose 5*b + k = 15. Let g(o) = -4*o**2 + 3 + b*o**3 - 2*o**3 - 15*o + 7*o + 2. Give g(5).
-10
Let r(j) = 1659*j**2 + 1660*j**2 + 1 - 3298*j**2. Give r(1).
22
Let x(t) = 10 + 3*t**3 + t - 8*t**2 + 3 - 2*t**3 + 6*t - 3. What is x(7)?
10
Let i(b) be the first derivative of -b**4/12 - b**3/3 - b**2/2 - 17. Let o(r) be the second derivative of i(r). Determine o(-4).
6
Let b(c) = -6*c**2 + 2*c - 2. Let w = -1585 - -1586. Determine b(w).
-6
Let i(u) = -5*u + 15. Suppose 3*h - z = 23, 0*h + 3*h + 4*z = 13. Let k(a) = -1 - h + 3*a - 2 + 2. Let g(n) = 6*i(n) + 11*k(n). Determine g(-3).
-7
Let r(y) be the third derivative of y**5/60 - 5*y**4/24 - y**3 + 2*y**2. Let i = 4 + 1. Suppose i*l = 12*l - 35. What is r(l)?
-6
Let p = 1585 + -1579. Let g(x) = x**2 - 9*x + 14. Determine g(p).
-4
Let z(n) = -2 - 20*n + 19*n + 2 + 1 - 2*n**2 - 3. Calculate z(-3).
-17
Suppose 4 = 2*a - 0*a. Let s = -3 + a. Let j(d) = -5*d**3 + d**2 + d. Let f be j(s). Let k(w) = -w**2 + 2*w + 3. Give k(f).
-12
Let h(j) = -j**3 + 4*j + 3. Let z be 5/(((-1)/2)/((-7)/14)). Suppose z*k = 5*y - 30, -2*k - 2*y - 20 = -6*y. Calculate h(k).
3
Let b(a) = -a**2 - a - 1. Suppose 0 = -18*u - 83 + 11. Determine b(u).
-13
Let x(h) be the third derivative of h**8/6720 - h**7/252 + h**5/24 + 3*h**4/8 - 40*h**2. Let y(q) be the second derivative of x(q). What is y(10)?
5
Let v(c) = -51*c + 55*c - 4 - c**2 + 3*c**2. What is v(-4)?
12
Let s(w) be the first derivative of w**4/4 + w**3/3 - w - 1. Suppose -3*l = 5*l - 160. Let k be (2 + l/(-8))*0. What is s(k)?
-1
Suppose 3*z - 4*a = 26, -a + 3 - 4 = 2*z. Let r(t) = t**3 + t**2 + 2*t - 2. Determine r(z).
14
Let g(w) be the second derivative of -5*w**3/2 - w**2/2 + 61*w - 2. Calculate g(1).
-16
Let y(t) = t**2 + 5*t + 7. Suppose 3*o - 13 = 2*m, 3*o = 4 - 7. Give y(m).
31
Let h(l) = 18 - 68 - 4*l**3 + 3*l**3 + 20*l**2 - 18*l + 21. Calculate h(19).
-10
Let x be 40/(-30)*(-87)/(-2). Let j = x + 59. Let a(z) = -1 + 3 + 3*z - 1. Give a(j).
4
Let a(z) = 3*z - 1. Let k(p) = 2*p - 1. Let l(t) = -3*a(t) + 4*k(t). Suppose -2*n + 3*w + 135 = n, -3*n + 141 = -w. Let f = n - 53. Determine l(f).
4
Suppose 23 = 4*b - 0*b + y, b + y - 5 = 0. Let m be (-15)/b*4/(-5). Let c(l) be the third derivative of -l**5/60 + l**4/8 - l**2. Determine c(m).
2
Let o(y) be the second derivative of -y**7/420 + y**6/180 + y**4/24 + 10*y**3/3 - 2*y - 19. Let d(q) be the second derivative of o(q). Calculate d(2).
-7
Let r(a) = a**2 - a. Suppose 25*x = 29*x - 328. Let y = 27 - x. Let v be 4/22 - (-10)/y. Give r(v).
0
Let a(w) = w**2 + 15*w + 1. Let c(x) = -x. Let s(h) = 3*h + 1. Let y(t) = 4*c(t) + s(t). Let d(i) = a(i) + 5*y(i). Calculate d(-10).
6
Let a(w) = -23*w**3 - 20*w**2 + 17*w + 17. Let m(z) = -8*z**3 - 7*z**2 + 6*z + 6. Let y(v) = 6*a(v) - 17*m(v). Let o = -778 - -776. What is y(o)?
12
Let m(p) = -p**3 - 11*p**2 - 6*p - 1. Let l(g) = -g**2 - g - 1. Let d(x) = 6*l(x) - m(x). Suppose 5*j = -u - 26, 5*j + 7*u - 2*u + 30 = 0. Give d(j).
-5
Let i(h) be the first derivative of -h**6/120 + h**5/60 - h**3/6 + 3*h**2/2 + 3. Let n(m) be the second derivative of i(m). Suppose 0 = r - 2*r. Give n(r).
-1
Let k(a) be the second derivative of -a**3/3 - 12*a**2 + 80*a. What is k(-10)?
-4
Suppose 0 = -2*v - 8, 0 = -5*t - 21*v + 22*v + 14. Let a(q) = q**3 - 2*q**2 + 1. Calculate a(t).
1
Let s(v) = -v + 9. Let b = 27 - 38. Let o be (-8)/(-44) + 46/b. Let d(u) = u - 9. Let c(f) = o*d(f) - 3*s(f). Give c(7).
2
Let t(w) = w**3 + 4*w**2 + 5*w + 3. Let p be (2 + 4/1)/(-2). Give t(p).
-3
Let h be (-2 - 3)*(-1)/5. Suppose 2*t + h = 3*t. Let i(d) = 0 + 0 + 3*d + 0. Calculate i(t).
3
Let n = 336 + -337. Let b(x) be the second derivative of -x**5/4 - x**2/2 + 2*x. Calculate b(n).
4
Let n(s) be the second derivative of s**4/12 + s**3 + s**2 - 219*s + 1. Calculate n(-7).
9
Let z(b) = 3*b**2 - b. Let x(a) = 7*a**2 - 2*a. Let u(n) = 2*x(n) - 5*z(n). Let h(k) = -3*k + 30. Let f be h(9). Give u(f).
-6
Let z = -27 - -22. Let c(s) be the third derivative of -s**6/120 - s**5/12 - s**4/24 - 2*s**3/3 + 10*s**2. Calculate c(z).
1
Let x(r) = r**2 - r + 3. Suppose 0 = -2*b - 44 + 242. Let n be 2/11 - (-378)/b. Give x(n).
15
Suppose 5*s + 0*l - 3*l = -10, -3*l = 0. Let f be (-35)/(-21)*(s - 1). Let h(i) = 4*i + 6. Calculate h(f).
-14
Let c(h) = -4*h - 22. Let u be c(-4). Let j(l) = l**3 + 3*l**2 - 16*l + 13. Let x be j(u). Let t(o) = -4 + 16*o**2 + 3 + 0*o**2. Give t(x).
15
Let d(z) = z**2 + 10*z + 9. Let k = -5 + 7. Suppose 7 = -k*u - 9. Give d(u).
-7
Let o be 84/(-14) + (1 - 0). Let m(v) = v**2 + 4*v + 2. Let f(r) = r**2 + 4*r + 3. Let y(b) = o*f(b) + 4*m(b). Give y(-5).
-12
Let v = -60 + 21. Let l = v + 42. Let s(d) = -7*d**3 + 4*d**2 + 13*d - 3. Let n(i) = 4*i**3 - 2*i**2 - 7*i + 1. Let w(g) = 5*n(g) + 3*s(g). Give w(l).
-1
Let f(r) = -r**2 - 5*r. Let z be 300/(-25)*(-2)/(-3). Let o(w) = -w**2 - 7*w + 11. Let t be o(z). Let i be (18/(-12))/(t/12). Determine f(i).
-6
Let s(o) = 7*o**2 + 4. Let w(p) = 20*p**2 + p + 12. Let i = 47 - 30. Let j(g) = i*s(g) - 6*w(g). What is j(-4)?
4
Let p(d) = -70*d + 120. Let i(h) = 14*h - 24. Let s(r) = 16*i(r) + 3*p(r). Let j(o) = 5*o - 8. Let y(z) = 11*j(z) - 4*s(z). Determine y(5).
3
Suppose -a + 16 + 2 = 0. Let p = a + -24. Let m(v) = v**3 + 7*v**2 + 7*v - 5. Calculate m(p).
-11
Let p(b) = -2*b**3 - 11*b**2 + 6. Suppose 0 = 2*o + 3*s + s - 10, 0 = 4*o - 5*s + 45. Let x(d) = d**3 + 5*d**2 - 3. Let c(q) = o*x(q) - 3*p(q). Calculate c(-8).
-3
Let c(x) = -2*x**2 - 16*x - 14. Let k be c(-7). Let a(i) = i**2 + i + 9. Determine a(k).
9
Let q be -2*1/(-2)*1. Let i = q - -2. Let b(h) = -2*h. Let t(l) = 11*l - 3. Let n(w) = 6*b(w) + t(w). Calculate n(i).
-6
Let t(m) = 7*m**2 - 2*m + m - 21*m**2. Suppose 0 = 3*u + u. Let n be 14/7*(u + (-2)/4). Give t(n).
-13
Suppose 2*r + 3*r - 5 = 0. Let j(z) be the second derivative of 2*z**4/3 - z**3/6 + z**2/2 - 13*z - 301. What is j(r)?
8
Let p = 391 + -401. Let k(j) = -j**2 - 6*j + 13. Determine k(p).
-27
Let y(b) = b**2 + 16*b - 14. Let s be y(-17). Let q(n) = n**2 + n - 4. Calculate q(s).
8
Let o(q) = -3*q**3 + 5*q**2 - 3*q + 1. Let z(p) = -6*p**3 + 9*p**2 - 6*p + 2. Let s(h) = -5*o(h) + 3*z(h). Let u(k) = -2*k + 2. Let m be u(0). What is s(m)?
-21
Suppose 0 = -79*k + 76*k - 6. Let o(b) = -b**3 + 7*b**2 - 5*b + 5. Let f(z) = -z**3 + z + 1. Let j(y) = k*f(y) + o(y). What is j(-8)?
-5
Let g(r) = -6*r - 3. Suppose -y + 17 = d - 6*y, 3*y = -6. Suppose -s - d = -4. Give g(s).
15
Let f(m) = 2*m**2. Let k(c) = -c**2 - 7*c + 8. Let l be k(0). Suppose -l*a = -4*a + 4. What is f(a)?
2
Let d(y) = y**2 + 10*y + 10. Let s(q) = 2*q**3 - 15*q**2 + 8*q + 2. Let l be s(7). Let i(o) = -o**2 + 9*o - 9. Let v be i(l). Calculate d(v).
1
Let k(d) = 2*d**2 + 4*d - 3. Let c be k(-5). Let o = c + -6. Suppose 4 = -5*t - 2*a, 2*t - o = 5*t - 5*a. Let i(h) = h**2 - 1. Calculate i(t).
3
Let w = 66 + -63. Let g(c) = 3*c - 4. Let q be g(w). Let v(m) = m**3 - 6*m**2 + 2*m + 7. Give v(q).
-8
Let z(d) = 106*d**2 - 319*d**2 + 110*d**2 + 102*d**2. Calculate z(3).
-9
Let p be (-24)/300 - (-177)/25. Let u(k) = -k + 4 + k - k. Calculate u(p).
-3
Let r(t) = 3*t. Let y be r(2). Let m(c) = 3 - c - 6*c + 0*c + 6*